{"id":187,"date":"2024-10-14T17:19:47","date_gmt":"2024-10-14T17:19:47","guid":{"rendered":"https:\/\/askhuamkt.com\/nueva\/?page_id=187"},"modified":"2024-10-15T17:27:35","modified_gmt":"2024-10-15T17:27:35","slug":"equipo","status":"publish","type":"page","link":"https:\/\/askhuamkt.com\/nueva\/equipo\/","title":{"rendered":"Equipo"},"content":{"rendered":"\t\t<div data-elementor-type=\"wp-post\" data-elementor-id=\"187\" class=\"elementor elementor-187\" data-elementor-post-type=\"page\">\n\t\t\t\t<div class=\"elementor-element elementor-element-98f8391 e-flex e-con-boxed e-con e-parent\" data-id=\"98f8391\" data-element_type=\"container\">\n\t\t\t\t\t<div class=\"e-con-inner\">\n\t\t\t\t<div class=\"elementor-element elementor-element-b29b3e2 elementor-widget elementor-widget-spacer\" data-id=\"b29b3e2\" data-element_type=\"widget\" data-widget_type=\"spacer.default\">\n\t\t\t\t<div class=\"elementor-widget-container\">\n\t\t\t\t\t<div class=\"elementor-spacer\">\n\t\t\t<div class=\"elementor-spacer-inner\"><\/div>\n\t\t<\/div>\n\t\t\t\t<\/div>\n\t\t\t\t<\/div>\n\t\t\t\t\t<\/div>\n\t\t\t\t<\/div>\n\t\t<div class=\"elementor-element elementor-element-229e175 e-flex e-con-boxed e-con e-parent\" data-id=\"229e175\" data-element_type=\"container\">\n\t\t\t\t\t<div class=\"e-con-inner\">\n\t\t<div class=\"elementor-element elementor-element-34a7603 e-con-full e-flex e-con e-child\" data-id=\"34a7603\" data-element_type=\"container\">\n\t\t\t\t<div class=\"elementor-element elementor-element-066e78c elementor-invisible elementor-widget elementor-widget-image\" data-id=\"066e78c\" data-element_type=\"widget\" data-settings=\"{&quot;_animation&quot;:&quot;zoomIn&quot;}\" data-widget_type=\"image.default\">\n\t\t\t\t<div class=\"elementor-widget-container\">\n\t\t\t\t\t\t\t\t\t\t\t\t\t<img decoding=\"async\" width=\"300\" height=\"144\" src=\"https:\/\/askhuamkt.com\/nueva\/wp-content\/uploads\/2024\/10\/equipo-1-300x144.png\" class=\"attachment-medium size-medium wp-image-190\" alt=\"equipo-1\" srcset=\"https:\/\/askhuamkt.com\/nueva\/wp-content\/uploads\/2024\/10\/equipo-1-300x144.png 300w, https:\/\/askhuamkt.com\/nueva\/wp-content\/uploads\/2024\/10\/equipo-1.png 393w\" sizes=\"(max-width: 300px) 100vw, 300px\" \/>\t\t\t\t\t\t\t\t\t\t\t\t\t<\/div>\n\t\t\t\t<\/div>\n\t\t\t\t<\/div>\n\t\t<div class=\"elementor-element elementor-element-8240b21 e-con-full e-flex elementor-invisible e-con e-child\" data-id=\"8240b21\" data-element_type=\"container\" data-settings=\"{&quot;background_background&quot;:&quot;classic&quot;,&quot;animation&quot;:&quot;slideInUp&quot;}\">\n\t\t<div class=\"elementor-element elementor-element-e3b94b1 e-grid e-con-full e-con e-child\" data-id=\"e3b94b1\" data-element_type=\"container\">\n\t\t\t\t<div class=\"elementor-element elementor-element-6b855e3 elementor-widget elementor-widget-text-editor\" data-id=\"6b855e3\" data-element_type=\"widget\" data-widget_type=\"text-editor.default\">\n\t\t\t\t<div class=\"elementor-widget-container\">\n\t\t\t\t\t\t\t<p>Nuestro equipo est\u00e1 conformado por dise\u00f1adores, programadores, creadores de contenido, especialistas en estilo y redacci\u00f3n, analistas de datos y ejecutivos de cuentas que llevar\u00e1n de la mano <strong>tu proyecto<\/strong>. \u00a0<\/p>\t\t\t\t\t\t<\/div>\n\t\t\t\t<\/div>\n\t\t\t\t<div class=\"elementor-element elementor-element-8ace774 elementor-widget elementor-widget-image\" data-id=\"8ace774\" data-element_type=\"widget\" data-widget_type=\"image.default\">\n\t\t\t\t<div class=\"elementor-widget-container\">\n\t\t\t\t\t\t\t\t\t\t\t\t\t<img fetchpriority=\"high\" decoding=\"async\" width=\"647\" height=\"601\" src=\"https:\/\/askhuamkt.com\/nueva\/wp-content\/uploads\/2024\/10\/equipo-2.png\" class=\"attachment-large size-large wp-image-189\" alt=\"equipo-2\" srcset=\"https:\/\/askhuamkt.com\/nueva\/wp-content\/uploads\/2024\/10\/equipo-2.png 647w, https:\/\/askhuamkt.com\/nueva\/wp-content\/uploads\/2024\/10\/equipo-2-300x279.png 300w\" sizes=\"(max-width: 647px) 100vw, 647px\" \/>\t\t\t\t\t\t\t\t\t\t\t\t\t<\/div>\n\t\t\t\t<\/div>\n\t\t\t\t<\/div>\n\t\t\t\t<\/div>\n\t\t\t\t\t<\/div>\n\t\t\t\t<\/div>\n\t\t<div class=\"elementor-element elementor-element-56875ac e-flex e-con-boxed e-con e-parent\" data-id=\"56875ac\" data-element_type=\"container\">\n\t\t\t\t\t<div class=\"e-con-inner\">\n\t\t\t\t<div class=\"elementor-element elementor-element-0d023d4 elementor-widget elementor-widget-spacer\" data-id=\"0d023d4\" data-element_type=\"widget\" data-widget_type=\"spacer.default\">\n\t\t\t\t<div class=\"elementor-widget-container\">\n\t\t\t\t\t<div class=\"elementor-spacer\">\n\t\t\t<div class=\"elementor-spacer-inner\"><\/div>\n\t\t<\/div>\n\t\t\t\t<\/div>\n\t\t\t\t<\/div>\n\t\t\t\t\t<\/div>\n\t\t\t\t<\/div>\n\t\t\t\t<\/div>\n\t\t","protected":false},"excerpt":{"rendered":"<p>Nuestro equipo est\u00e1 conformado por dise\u00f1adores, programadores, creadores de contenido, especialistas en estilo y redacci\u00f3n, analistas de datos y ejecutivos de cuentas que llevar\u00e1n de la mano tu proyecto. \u00a0<\/p>\n","protected":false},"author":1,"featured_media":0,"parent":0,"menu_order":0,"comment_status":"closed","ping_status":"closed","template":"","meta":{"footnotes":""},"class_list":["post-187","page","type-page","status-publish","hentry"],"_links":{"self":[{"href":"https:\/\/askhuamkt.com\/nueva\/wp-json\/wp\/v2\/pages\/187"}],"collection":[{"href":"https:\/\/askhuamkt.com\/nueva\/wp-json\/wp\/v2\/pages"}],"about":[{"href":"https:\/\/askhuamkt.com\/nueva\/wp-json\/wp\/v2\/types\/page"}],"author":[{"embeddable":true,"href":"https:\/\/askhuamkt.com\/nueva\/wp-json\/wp\/v2\/users\/1"}],"replies":[{"embeddable":true,"href":"https:\/\/askhuamkt.com\/nueva\/wp-json\/wp\/v2\/comments?post=187"}],"version-history":[{"count":16,"href":"https:\/\/askhuamkt.com\/nueva\/wp-json\/wp\/v2\/pages\/187\/revisions"}],"predecessor-version":[{"id":446,"href":"https:\/\/askhuamkt.com\/nueva\/wp-json\/wp\/v2\/pages\/187\/revisions\/446"}],"wp:attachment":[{"href":"https:\/\/askhuamkt.com\/nueva\/wp-json\/wp\/v2\/media?parent=187"}],"curies":[{"name":"wp","href":"https:\/\/api.w.org\/{rel}","templated":true}]}}